ist the prime factors of 9176.
2, 31, 37
What are the prime factors of 2032?
2, 127
List the prime factors of 63556.
2, 15889
List the prime factors of 5338.
2, 17, 157
List the prime factors of 7667.
11, 17, 41
What are the prime factors of 5166?
2, 3, 7, 41
List the prime factors of 997.
997
List the prime factors of 6752.
2, 211
List the prime factors of 7864.
2, 983
What are the prime factors of 591?
3, 197
List the prime factors of 95583.
3, 151, 211
List the prime factors of 2833.
2833
List the prime factors of 51701.
13, 41, 97
What are the prime factors of 2882?
2, 11, 131
List the prime factors of 146333.
11, 53, 251
List the prime factors of 972.
2, 3
What are the prime factors of 11268?
2, 3, 313
List the prime factors of 11779.
11779
List the prime factors of 80574.
2, 3, 13, 1033
What are the prime factors of 1589?
7, 227
List the prime factors of 6626.
2, 3313
List the prime factors of 6554.
2, 29, 113
What are the prime factors of 7792?
2, 487
List the prime factors of 92159.
157, 587
What are the prime factors of 108669?
3, 11, 37, 89
List the prime factors of 48070.
2, 5, 11, 19, 23
What are the prime factors of 91246?
2, 43, 1061
List the prime factors of 764.
2, 191
What are the prime factors of 21827?
13, 23, 73
What are the prime factors of 6698?
2, 17, 197
What are the prime factors of 612?
2, 3, 17
What are the prime factors of 1076?
2, 269
What are the prime factors of 136570?
2, 5, 7, 1951
List the prime factors of 1805.
5, 19
What are the prime factors of 1419?
3, 11, 43
What are the prime factors of 634?
2, 317
List the prime factors of 35961.
3, 11987
What are the prime factors of 8074?
2, 11, 367
What are the prime factors of 34620?
2, 3, 5, 577
List the prime factors of 60276.
2, 3, 5023
What are the prime factors of 31448?
2, 3931
What are the prime factors of 71383?
13, 17, 19
List the prime factors of 1013.
1013
What are the prime factors of 195904?
2, 3061
List the prime factors of 27127.
27127
List the prime factors of 21608.
2, 37, 73
What are the prime factors of 200?
2, 5
What are the prime factors of 24381?
3, 7, 43
What are the prime factors of 5017?
29, 173
List the prime factors of 3652.
2, 11, 83
List the prime factors of 16883.
16883
What are the prime factors of 171948?
2, 3, 7, 23, 89
What are the prime factors of 137903?
239, 577
List the prime factors of 431.
431
List the prime factors of 33840.
2, 3, 5, 47
What are the prime factors of 2733?
3, 911
List the prime factors of 8981.
7, 1283
List the prime factors of 7099.
31, 229
What are the prime factors of 129?
3, 43
What are the prime factors of 3390?
2, 3, 5, 113
List the prime factors of 18032.
2, 7, 23
What are the prime factors of 1412?
2, 353
List the prime factors of 32761.
181
What are the prime factors of 1460?
2, 5, 73
List the prime factors of 511.
7, 73
List the prime factors of 169.
13
List the prime factors of 12949.
23, 563
What are the prime factors of 9421?
9421
What are the prime factors of 41237?
7, 43, 137
List the prime factors of 6811.
7, 139
What are the prime factors of 3245?
5, 11, 59
List the prime factors of 81563.
81563
List the prime factors of 7967.
31, 257
What are the prime factors of 3532?
2, 883
What are the prime factors of 1675?
5, 67
List the prime factors of 2145.
3, 5, 11, 13
List the prime factors of 15793.
17, 929
What are the prime factors of 2885?
5, 577
What are the prime factors of 1626?
2, 3, 271
List the prime factors of 18646.
2, 9323
List the prime factors of 23565.
3, 5, 1571
What are the prime factors of 1482?
2, 3, 13, 19
What are the prime factors of 32424?
2, 3, 7, 193
What are the prime factors of 6195?
3, 5, 7, 59
What are the prime factors of 774?
2, 3, 43
List the prime factors of 23891.
7, 3413
List the prime factors of 2846.
2, 1423
What are the prime factors of 3654?
2, 3, 7, 29
List the prime factors of 10952.
2, 37
List the prime factors of 3287.
19, 173
List the prime factors of 861.
3, 7, 41
List the prime factors of 1193.
1193
What are the prime factors of 6734?
2, 7, 13, 37
List the prime factors of 315.
3, 5, 7
List the prime factors of 1332.
2, 3, 37
What are the prime factors of 25726?
2, 19, 677
What are the prime factors of 27647?
27647
What are the prime factors of 14836?
2, 3709
List the prime factors of 1503.
3, 167
What are the prime factors of 34661?
11, 23, 137
What are the prime factors of 41295?
3, 5, 2753
What are the prime factors of 778?
2, 389
List the prime factors of 2435.
5, 487
What are the prime factors of 3520?
2, 5, 11
List the prime factors of 14944.
2, 467
What are the prime factors of 4944?
2, 3, 103
List the prime factors of 259.
7, 37
List the prime factors of 30789.
3, 11, 311
List the prime factors of 2176.
2, 17
List the prime factors of 1524.
2, 3, 127
List the prime factors of 36405.
3, 5, 809
List the prime factors of 4236.
2, 3, 353
List the prime factors of 459.
3, 17
What are the prime factors of 15877?
15877
List the prime factors of 2303.
7, 47
List the prime factors of 15901.
15901
What are the prime factors of 2035?
5, 11, 37
What are the prime factors of 5096?
2, 7, 13
What are the prime factors of 1999?
1999
List the prime factors of 158517.
3, 19, 103
What are the prime factors of 2597?
7, 53
List the prime factors of 796.
2, 199
What are the prime factors of 101635?
5, 20327
What are the prime factors of 584?
2, 73
List the prime factors of 251.
251
What are the prime factors of 20975?
5, 839
List the prime factors of 824.
2, 103
List the prime factors of 136584.
2, 3, 7, 271
What are the prime factors of 6360?
2, 3, 5, 53
What are the prime factors of 298?
2, 149
List the prime factors of 5730.
2, 3, 5, 191
List the prime factors of 31430.
2, 5, 7, 449
What are the prime factors of 31158?
2, 3, 577
List the prime factors of 2727.
3, 101
What are the prime factors of 29532?
2, 3, 23, 107
List the prime factors of 897.
3, 13, 23
What are the prime factors of 5456?
2, 11, 31
What are the prime factors of 12405?
3, 5, 827
List the prime factors of 14723.
14723
List the prime factors of 6160.
2, 5, 7, 11
What are the prime factors of 3471?
3, 13, 89
List the prime factors of 2337.
3, 19, 41
List the prime factors of 1539.
3, 19
What are the prime factors of 49332?
2, 3, 4111
List the prime factors of 521.
521
List the prime factors of 1717.
17, 101
List the prime factors of 8129.
11, 739
List the prime factors of 1939.
7, 277
What are the prime factors of 68286?
2, 3, 19, 599
What are the prime factors of 45043?
31, 1453
What are the prime factors of 4742?
2, 2371
List the prime factors of 65755.
5, 13151
What are the prime factors of 13317?
3, 23, 193
List the prime factors of 8089.
8089
List the prime factors of 54604.
2, 11, 17, 73
List the prime factors of 3002.
2, 19, 79
List the prime factors of 2862.
2, 3, 53
What are the prime factors of 9002?
2, 7, 643
List the prime factors of 1024.
2
What are the prime factors of 279?
3, 31
List the prime factors of 6046.
2, 3023
What are the prime factors of 3338?
2, 1669
List the prime factors of 10221.
3, 3407
List the prime factors of 5795.
5, 19, 61
List the prime factors of 6115.
5, 1223
List the prime factors of 130160.
2, 5, 1627
List the prime factors of 32257.
32257
What are the prime factors of 7764?
2, 3, 647
List the prime factors of 1566.
2, 3, 29
List the prime factors of 2601.
3, 17
List the prime factors of 139215.
3, 5, 9281
List the prime factors of 1742.
2, 13, 67
What are the prime factors of 23321?
23321
List the prime factors of 42067.
23, 31, 59
What are the prime factors of 81?
3
What are the prime factors of 1076?
2, 269
List the prime factors of 15314.
2, 13, 19, 31
What are the prime factors of 2100?
2, 3, 5, 7
What are the prime factors of 1159?
19, 61
List the prime factors of 244.
2, 61
What are the prime factors of 12580?
2, 5, 17, 37
What are the prime factors of 5436?
2, 3, 151
What are the prime factors of 166497?
3, 19, 23, 127
List the prime factors of 97669.
11, 13, 683
What are the prime factors of 1643?
31, 53
List the prime factors of 1658.
2, 829
What are the prime factors of 1031?
1031
List the prime factors of 192.
2, 3
What are the prime factors of 8914?
2, 4457
List the prime factors of 3890.
2, 5, 389
What are the prime factors of 4361?
7, 89
